 + 4. Let a(s) = 3*s**2 - 26*s + 12. Let t(i) = 3*a(i) - 8*c(i). Let z = -2 + 8. List the prime factors of t(z).
2
Suppose -43 = -2*a + 107. List the prime factors of a.
3, 5
Suppose -3*p - 5*j + 47 = -0*p, -3*p + 15 = -3*j. What are the prime factors of p?
3
Suppose -28 - 102 = -5*p. What are the prime factors of p?
2, 13
Let m(u) be the second derivative of -u**5/20 + 5*u**4/12 + u**3/2 - 5*u**2/2 + 3*u. Let i be m(5). Let t = i + -5. List the prime factors of t.
5
Let n(f) = -f**3 + 9*f**2 + 7*f + 9. Let h be n(10). Let v = h - -30. Let i = v + 3. What are the prime factors of i?
2, 3
Let z = 6 - 5. What are the prime factors of 2 + -1 + z + 1?
3
Let c = 469 + -318. List the prime factors of c.
151
Suppose -12 + 3 = -3*v. What are the prime factors of 2 + -4 - v*-5?
13
Let d be ((-15)/(-25))/((-2)/(-10)). Suppose 3*l - l = -o + 36, 0 = d*o. List the prime factors of l.
2, 3
Suppose -4*j = -2*j - 6. List the prime factors of j - (-4 + 2 + -5).
2, 5
Suppose 5*f + 0 - 50 = 0. Suppose -3*l = 4*d - 6 - 0, -2*l + 11 = 5*d. List the prime factors of f - (l + 1 - -1).
2, 5
Suppose 0 = -6*z + 3*z - 3*t + 258, 3*t = 3*z - 270. What are the prime factors of z?
2, 11
Suppose -4*q - 5*l + 742 = 0, -l + 5*l = 3*q - 541. List the prime factors of q.
3, 61
Let u(o) = -3*o**2 - 4*o - 3. Let d be u(-2). Let l = 3 + d. Let z = l - -7. What are the prime factors of z?
3
Let x = 1 - -17. What are the prime factors of x?
2, 3
Suppose 6*l + 0*l = 0. Suppose -141 = -l*u - 3*u. What are the prime factors of u?
47
Let f be 18/(-15)*10/(-4). Suppose -f*w = -w - 24. Suppose 5*t - 42 = -w. List the prime factors of t.
2, 3
Suppose 2*p = 2*g - 3*p + 25, 4*p - 20 = -g. Suppose -4*t + 4 + g = 0. What are the prime factors of 3 + (3 - (-2 + t))?
7
Suppose -u - t = 5, -5*t + t - 16 = 0. List the prime factors of 1/(u*(-2)/56).
2, 7
Suppose 8 = 4*d - 0*d. What are the prime factors of (5 - d) + 0/4?
3
Suppose h - 9 = 51. Suppose 0 = -5*w - 5*z + h, 5 = 4*z - 9*z. List the prime factors of w.
13
Suppose o + 170 = 3*j, -o = -2*j + 2*o + 104. What are the prime factors of j?
2, 29
Let r(b) = b**2 - 2*b + 1. Let w be r(3). Let j = 6 - w. Suppose -36 = -3*d - d + j*y, 0 = y + 4. What are the prime factors of d?
7
Let g(p) = p**2 + 6*p - 2. Suppose 2*q + 10 = -3*o + o, 0 = -5*q + 4*o - 52. What are the prime factors of g(q)?
2, 7
Let x(w) = 3*w. Let g(p) = 7*p. Let z(l) = 4*g(l) - 9*x(l). Let o be z(5). Suppose o*a - 2 = 38. What are the prime factors of a?
2
Suppose 5*k - 552 = -3*u, -u - 3*u = 2*k - 232. List the prime factors of k.
2, 3
Let j = 3 + -6. Let r be ((-1)/(-1))/(j + 2). What are the prime factors of (-2 - r)*7/(-1)?
7
Let i = 136 + -68. List the prime factors of (i/(-6))/(2/(-3)).
17
Suppose 0 = 4*q - 78 - 18. List the prime factors of q.
2, 3
Let x = -14 + 18. Suppose -2*u = 2*o - x*u - 74, 0 = -2*o + 5*u + 74. List the prime factors of o.
37
Suppose -2*n = -2*p - 54, -n = 2*p - p - 31. What are the prime factors of n?
29
Let a = 100 - 26. What are the prime factors of a?
2, 37
Suppose -3*n - 2*h = -0*h - 24, 37 = 4*n + h. Let r = n + -6. Let z = 2 + r. What are the prime factors of z?
2, 3
Let l = -65 - -66. Suppose -o - 3*o - 36 = -4*z, 0 = -4*z - o + 61. Suppose -p + z = -l. List the prime factors of p.
3, 5
Suppose m = -2*m + 2*p + 290, m - 94 = -2*p. What are the prime factors of m?
2, 3
What are the prime factors of 6/(-8) + 783/36?
3, 7
Let s(z) = z**3 - z**2 + z + 1. Let t be (-7)/(-1) + (-1 - 3). What are the prime factors of s(t)?
2, 11
Suppose -251 = -3*z + 472. What are the prime factors of z?
241
Let q(a) = -5*a + 13. What are the prime factors of q(-7)?
2, 3
Let v = 248 - 143. What are the prime factors of v?
3, 5, 7
What are the prime factors of (1 + -2)/(12/(-600))?
2, 5
Suppose 5*f + 157 = 702. Suppose p + 151 = -3*t + 8*t, -3*t = 4*p - f. What are the prime factors of t?
31
Suppose 3 = i - 0. Let j = -1 + i. What are the prime factors of j?
2
Suppose -c + 2*l + 80 = 0, 2*l = l + 4. What are the prime factors of c?
2, 11
Suppose -4*d = t - 222, 4*d = t - 198 - 16. List the prime factors of t.
2, 109
Let i(l) = l**2 - 11*l + 23. What are the prime factors of i(11)?
23
Let y(g) = -g + 34. Let h be y(0). Let u = 47 - h. List the prime factors of u.
13
Suppose -109*w - 996 = -112*w. List the prime factors of w.
2, 83
Suppose 9*k + 10 = 11*k. Suppose -2*i + i + 5*v = -41, -i + 11 = k*v. List the prime factors of i.
2, 13
Suppose 5*o - o = 88. Let r = o - 16. Suppose p + 0*p = r. List the prime factors of p.
2, 3
Suppose 57 = 5*y - 5*v + 2*v, 3*y + 5*v = 41. What are the prime factors of y?
2, 3
Suppose -2*m + 249 = -65. List the prime factors of m.
157
Let q(d) be the third derivative of d**5/60 - 5*d**4/24 - d**3/3 - d**2. Let r be q(6). Suppose -r*v + 15 = -25. List the prime factors of v.
2, 5
Let a(s) = s**2 - 2*s + 4. Let h be a(4). Suppose h = 2*q - 5*q. List the prime factors of (6*1)/(q + 5).
2, 3
Let f be (105/10)/((-2)/(-4)). Let x be ((-112)/f)/(2/(-3)). Suppose 7*t - 3*t = x. What are the prime factors of t?
2
Let a = 73 + -26. What are the prime factors of a?
47
Let o(n) = -n + 11. Let i be o(6). Suppose -i*u = -u - 116. What are the prime factors of u?
29
Suppose 0 = 5*p - 7 - 3. Suppose -2*c - 8 = -4*t, -3*t - p*c + 3*c = -6. What are the prime factors of t?
2
Suppose 0*t = 2*t - 76. Suppose -5*o - t = -243. List the prime factors of o.
41
Let r be 1 + 0 + (-112 - -5). Let i = -64 - r. What are the prime factors of i?
2, 3, 7
Suppose 5 + 2 = -4*d + 3*k, -3*d + 1 = -k. Suppose m = -d*m - 42. Let t = m - -21. List the prime factors of t.
7
Let i = -7 - -17. Suppose -16 = -3*c + 5*v, 2*c - 4*v - 2 = i. Suppose c = d - 4. List the prime factors of d.
2, 3
Let y(f) = -f**3 - 10*f**2 + 2. Let p be y(-10). Let u = p + 4. What are the prime factors of u?
2, 3
Suppose 1193 = -3*o + 41. Let i be o/(-27) + 6/(-27). Suppose 2*y - 4*p - i = -3*p, 0 = 3*y - p - 23. What are the prime factors of y?
3
List the prime factors of (12/(-15))/(((-48)/620)/6).
2, 31
Suppose 4*n = -3*h - 24, -2*h + 4*n = -6*h - 32. Let w be (-34)/3 + h/12. List the prime factors of (-20 + -1)*8/w.
2, 7
Let d(m) = m**3 + 5*m**2 - 6*m + 2. What are the prime factors of d(-3)?
2, 19
Let n be (-15)/(-12)*(2 + (0 - 6)). Suppose 3*u = -12, 2*t - 4 + 20 = -4*u. Let q = t - n. List the prime factors of q.
5
Let o be (-15)/9 + (-1)/3. Let i = o - -7. Let m = 6 + i. List the prime factors of m.
11
Suppose 2 + 24 = 2*a. List the prime factors of a.
13
Suppose 5*z - z + 4*i - 104 = 0, -5*z - i + 118 = 0. What are the prime factors of z?
23
Suppose 0 = -11*a + 12*a - 42. List the prime factors of a.
2, 3, 7
Let t = -185 - -283. Suppose -5*s + t = -67. List the prime factors of s.
3, 11
Let t = 1 - 19. What are the prime factors of (-1)/(-2) - 693/t?
3, 13
Suppose -35*n = -39*n + 800. What are the prime factors of n?
2, 5
Suppose 4 = -k + 4*i - 1, 2*i = 2. Let t be k/2 + (-51)/(-2). Suppose 0 = -0*x - 5*x + t. List the prime factors of x.
5
Let v = -25 + 36. What are the prime factors of v?
11
Let p be (-10)/(-8) + (-24)/(-32). Suppose -3*z + 35 = p*z. What are the prime factors of z?
7
Let p = -36 + 58. Suppose 0 = -3*i + 14 + p. List the prime factors of i.
2, 3
Let h(l) = -2*l - 9. Suppose -5*a = -3*a - 6. Let n = -5 - a. List the prime factors of h(n).
7
Let t = 7 + -3. Let k be ((-2)/t)/(5/(-30)). Suppose -16 - 3 = -l + x, l = k*x + 11. List the prime factors of l.
23
Suppose -4*r + 12 = -0*r. Suppose r*b + 12 = 7*b. What are the prime factors of b?
3
Suppose -33*z + 12 = -30*z. Let h(r) = r**3 + 6 + 0*r + r - 4*r - 3*r**2. List the prime factors of h(z).
2, 5
Suppose 685 = -5*s + 1985. List the prime factors of s.
2, 5, 13
List the prime factors of -2 - -3 - (-1 - 22).
2, 3
List the prime factors of -83*-2*(-4)/(-8).
83
Let j = -26 - -6. Let v be (-8)/j + 3/5. List the prime factors of 3 + 6 - (v + 1).
7
Let l = 5 + 7. Suppose b + 0 = l. List the prime factors of b.
2, 3
Let a(q) = q**2 + q - 1. Let k be a(2). Suppose 5*r - 110 = -k*o, -o + 0*o - 35 = -2*r. List the prime factors of r.
19
Let p be 3 + -12*48/(-9). Let n be (-1 + p)*(-3)/6. Let v = -21 - n. List the prime factors of v.
2, 3
Let b(q) be the first derivative of -5/2*q**2 - 3 - q + 1/3*q**3. What are the prime factors